d 35760?
4470
Calculate the highest common divisor of 12609072 and 1332.
36
Calculate the highest common factor of 336 and 1882818672.
336
Calculate the highest common factor of 14 and 1105993.
7
What is the highest common factor of 424907 and 1401577?
101
Calculate the highest common factor of 8631 and 418131.
63
Calculate the highest common factor of 129708 and 16648262.
2402
Calculate the highest common divisor of 15050 and 60415.
215
What is the greatest common factor of 1048 and 50236404?
524
Calculate the highest common factor of 1800 and 4591872.
72
Calculate the greatest common factor of 487171 and 145841.
3103
Calculate the highest common factor of 520 and 21404136.
104
Calculate the highest common factor of 255 and 4823682.
51
Calculate the greatest common divisor of 99 and 251207.
11
What is the greatest common divisor of 1169 and 13597808?
1169
Calculate the highest common factor of 4693 and 1138657.
13
What is the highest common divisor of 105324879 and 5964?
213
What is the greatest common factor of 6288 and 6050544?
48
Calculate the highest common factor of 13629369 and 26.
13
What is the greatest common factor of 262080860 and 460?
460
Calculate the greatest common divisor of 84817972 and 8.
4
What is the highest common divisor of 169694 and 125258?
322
What is the highest common divisor of 28119460 and 501?
167
Calculate the highest common factor of 184174370 and 20.
10
Calculate the highest common factor of 11910832 and 1408.
16
Calculate the highest common factor of 723 and 598868371.
241
Calculate the greatest common factor of 368 and 21217822.
46
What is the highest common divisor of 53469363 and 38?
19
What is the greatest common divisor of 3666 and 12179778?
78
What is the highest common factor of 35789 and 5161?
13
What is the highest common divisor of 94 and 106678532?
94
What is the highest common factor of 2743 and 890209?
211
Calculate the greatest common divisor of 101967 and 856408.
41
What is the greatest common divisor of 495 and 1264131?
99
Calculate the greatest common divisor of 6087048 and 324.
12
What is the highest common factor of 6 and 239055?
3
Calculate the greatest common divisor of 115080 and 201116.
548
Calculate the highest common divisor of 16 and 59632388.
4
Calculate the highest common divisor of 287990 and 7430.
10
Calculate the highest common factor of 63733 and 1141.
163
What is the greatest common factor of 6688176 and 87474?
1434
What is the greatest common divisor of 471899 and 16613?
449
Calculate the highest common factor of 156 and 136258044.
156
What is the highest common factor of 7670 and 934?
2
What is the highest common divisor of 40 and 13254700?
20
What is the highest common factor of 1520 and 5237730?
190
Calculate the greatest common divisor of 27 and 42349446.
27
Calculate the greatest common divisor of 1469 and 41181946.
1469
Calculate the greatest common divisor of 18363226 and 1876.
938
Calculate the highest common factor of 19124 and 93618.
14
What is the greatest common factor of 4212 and 5230524?
156
Calculate the greatest common divisor of 29535773 and 1403.
61
What is the greatest common factor of 31669913 and 33?
11
Calculate the highest common divisor of 8201730 and 14820.
570
What is the greatest common divisor of 273 and 10475205?
39
Calculate the highest common factor of 9009 and 11249511.
273
Calculate the highest common factor of 84 and 462062028.
12
What is the highest common factor of 414 and 701832?
6
What is the highest common divisor of 43043113 and 722?
361
What is the greatest common factor of 15520 and 4951040?
160
What is the highest common factor of 195937729 and 1599?
533
Calculate the greatest common factor of 135097 and 1099697.
53
Calculate the greatest common factor of 9864 and 26655816.
3288
Calculate the highest common factor of 20120 and 10696295.
2515
What is the greatest common factor of 264 and 19777780?
44
Calculate the greatest common divisor of 1827165 and 9840.
615
Calculate the greatest common divisor of 850 and 4773430.
170
What is the greatest common divisor of 2168941 and 123?
41
What is the highest common divisor of 13855515 and 15?
15
Calculate the highest common factor of 490800 and 7344.
48
Calculate the highest common divisor of 17213376 and 432.
48
Calculate the highest common divisor of 1196 and 671019986.
598
What is the greatest common divisor of 25159 and 42716?
181
What is the highest common divisor of 17076312 and 26136?
2376
What is the greatest common factor of 92536 and 620361?
43
What is the greatest common factor of 46537652 and 784?
196
Calculate the highest common factor of 104040 and 38505.
255
Calculate the highest common factor of 344 and 365867822.
86
What is the highest common factor of 2907 and 48670932?
969
Calculate the highest common divisor of 12847956 and 524.
524
Calculate the greatest common factor of 8526 and 18689514.
174
Calculate the greatest common divisor of 142940248 and 55.
11
What is the greatest common divisor of 22360 and 13637?
13
What is the greatest common divisor of 708 and 3263408?
236
Calculate the highest common factor of 155372 and 67304.
716
Calculate the greatest common divisor of 5541515 and 1995.
35
What is the highest common divisor of 6500 and 40064500?
500
Calculate the highest common factor of 2691 and 16442631.
207
Calculate the greatest common divisor of 473028 and 888.
12
Calculate the greatest common divisor of 64636532 and 970.
194
Calculate the greatest common divisor of 24511544 and 21480.
1432
What is the highest common divisor of 199166121 and 1694?
847
Calculate the greatest common divisor of 8308467 and 1143.
1143
Calculate the greatest common divisor of 57694747 and 15257.
803
Calculate the highest common divisor of 70383 and 88653.
87
Calculate the highest common divisor of 361240 and 265375.
55
Calculate the greatest common divisor of 68 and 7044834.
34
What is the greatest common factor of 828 and 4997325?
69
What is the greatest common factor of 2522287 and 20667?
83
What is the greatest common divisor of 1095828 and 26712?
636
What is the greatest common divisor of 6050058693 and 939?
939
Calculate the greatest common factor of 187 and 3795131.
17
What is the highest common factor of 699 and 24828?
3
Calculate the greatest common factor of 260 and 42633578.
26
What is the greatest common factor of 7883520 and 1632?
96
What is the highest common factor of 4953 and 1695577?
1651
Calculate the highest common divisor of 83299382 and 38.
38
What is the greatest common divisor of 10544 and 26522114?
1318
What is the greatest common factor of 214 and 281138220?
214
Calculate the highest common divisor of 2574 and 123723171.
1287
What is the highest common factor of 4794 and 5337609?
51
What is the highest common divisor of 248412 and 9785868?
1956
What is the greatest common factor of 9 and 1395567?
9
Calculate the highest common divisor of 6123 and 260208.
39
What is the highest common factor of 50 and 4661450?
50
What is the highest common factor of 3795 and 8992770?
345
Calculate the highest common divisor of 1487911 and 373666.
2251
What is the greatest common divisor of 1473840 and 3420270?
8010
What is the highest common factor of 693 and 336878199?
63
What is the highest common factor of 296 and 41878598?
74
Calculate the highest common divisor of 232309 and 9065.
49
Calculate the highest common divisor of 200150 and 380.
10
What is the highest common factor of 33269401 and 1892?
473
Calculate the greatest common divisor of 711 and 25425.
9
Calculate the greatest common factor of 3283 and 650083.
49
Calculate the highest common factor of 17430544 and 2615.
523
Calculate the highest common factor of 19140 and 1941405.
435
Calculate the greatest common factor of 117882 and 2231766.
1998
What is the highest common factor of 202597 and 1083?
19
What is the greatest common factor of 441459 and 66789?
1629
What is the highest common divisor of 4436 and 34624?
4
Calculate the highest common factor of 226 and 1137238.
2
What is the highest common factor of 12062 and 614564931?
6031
Calculate the greatest common factor of 6467680 and 1120.
160
Calculate the greatest common factor of 227 and 129214756.
227
Calculate the highest common factor of 7070257 and 22043.
